{"id":8,"date":"2023-04-25T11:27:47","date_gmt":"2023-04-25T11:27:47","guid":{"rendered":"https:\/\/holzartcreativ.ch\/?page_id=8"},"modified":"2025-04-30T09:37:18","modified_gmt":"2025-04-30T09:37:18","slug":"ueber","status":"publish","type":"page","link":"https:\/\/holzartcreativ.ch\/index.php\/ueber\/","title":{"rendered":"About"},"content":{"rendered":"\n<div class=\"wp-block-cover alignfull\" style=\"min-height:300px;aspect-ratio:unset;\"><span aria-hidden=\"true\" class=\"wp-block-cover__background has-nv-site-bg-background-color has-background-dim-100 has-background-dim\"><\/span><div class=\"wp-block-cover__inner-container is-layout-flow wp-block-cover-is-layout-flow\">\n<div class=\"wp-block-group\"><div class=\"wp-block-group__inner-container is-layout-flow wp-block-group-is-layout-flow\">\n<h1 class=\"wp-block-heading has-text-align-left has-neve-text-color-color has-text-color\">\u00dcber mich<\/h1>\n<\/div><\/div>\n<\/div><\/div>\n\n\n\n<div class=\"wp-block-cover alignfull\" style=\"min-height:600px;aspect-ratio:unset;\"><span aria-hidden=\"true\" class=\"wp-block-cover__background has-nv-light-bg-background-color has-background-dim-100 has-background-dim\"><\/span><div class=\"wp-block-cover__inner-container is-layout-flow wp-block-cover-is-layout-flow\">\n<div class=\"wp-block-group\"><div class=\"wp-block-group__inner-container is-layout-flow wp-block-group-is-layout-flow\">\n<div style=\"height:80px\" aria-hidden=\"true\" class=\"wp-block-spacer\"><\/div>\n\n\n\n<div class=\"wp-block-columns are-vertically-aligned-center is-layout-flex wp-container-core-columns-is-layout-9d6595d7 wp-block-columns-is-layout-flex\">\n<div class=\"wp-block-column is-vertically-aligned-center is-layout-flow wp-block-column-is-layout-flow\" style=\"flex-basis:50%\">\n<figure class=\"wp-block-image size-large\"><img loading=\"lazy\" decoding=\"async\" width=\"683\" height=\"1024\" src=\"https:\/\/holzartcreativ.ch\/wp-content\/uploads\/2023\/04\/AboutMe-scaled-e1682428723689-683x1024.jpg\" alt=\"\" class=\"wp-image-108\" srcset=\"https:\/\/holzartcreativ.ch\/wp-content\/uploads\/2023\/04\/AboutMe-scaled-e1682428723689-683x1024.jpg 683w, https:\/\/holzartcreativ.ch\/wp-content\/uploads\/2023\/04\/AboutMe-scaled-e1682428723689-200x300.jpg 200w, https:\/\/holzartcreativ.ch\/wp-content\/uploads\/2023\/04\/AboutMe-scaled-e1682428723689.jpg 750w\" sizes=\"auto, (max-width: 683px) 100vw, 683px\" \/><\/figure>\n<\/div>\n\n\n\n<div class=\"wp-block-column is-vertically-aligned-center is-layout-flow wp-block-column-is-layout-flow\" style=\"flex-basis:50%\">\n<h2 class=\"wp-block-heading has-neve-text-color-color has-text-color\">Holzprodukte von Herzen<\/h2>\n\n\n\n<p class=\"has-neve-text-color-color has-text-color has-medium-font-size\"><strong>Herzlich Willkommen liebe Leser- und Besucher\/innen<\/strong><\/p>\n\n\n\n<p class=\"has-neve-text-color-color has-text-color\">Erlauben Sie mir in den folgenden Zeilen mein Hobby \u201eDrechseln\u201c etwas n\u00e4her vorzustellen.<\/p>\n<\/div>\n<\/div>\n\n\n\n<div style=\"height:40px\" aria-hidden=\"true\" class=\"wp-block-spacer\"><\/div>\n<\/div><\/div>\n<\/div><\/div>\n\n\n\n<div class=\"wp-block-cover alignfull\" style=\"min-height:600px;aspect-ratio:unset;\"><span aria-hidden=\"true\" class=\"wp-block-cover__background has-nv-dark-bg-background-color has-background-dim-100 has-background-dim\"><\/span><div class=\"wp-block-cover__inner-container is-layout-flow wp-block-cover-is-layout-flow\">\n<div class=\"wp-block-group\"><div class=\"wp-block-group__inner-container is-layout-flow wp-block-group-is-layout-flow\">\n<p>Drechseln ist Spannung und Entspannung zugleich: Spannung, welche Form und Beschaffenheit sich in einem rohen St\u00fcck Holz verbirgt und Entspannung, wenn ich es geschafft habe, diese Form aus dem Holz herauszuarbeiten und ihm damit ein St\u00fcck unverwechselbare Sch\u00f6nheit zu geben.<\/p>\n\n\n\n<p>Beinahe alles, was man aus Holz drechseln kann &#8211; von Schalen \u00fcber verschiedene Formen von Leuchtern, liebevollen Schmuck bis zu Schreibger\u00e4ten &#8211; habe ich in meinem Repertoire. Bei der Holzverarbeitung bevorzuge ich vorwiegend einheimische Laub- und Nadelh\u00f6lzer. Selbstverst\u00e4ndlich bearbeite ich auch Olivenholz aus Spanien, welches durch seine spezielle Struktur sehr beliebt ist.<\/p>\n\n\n\n<p>Meine Gegenst\u00e4nde werden in reiner Handarbeit hergestellt und sind deswegen absolute Unikate. Sehr grossen Wert lege ich besonders bei der Oberfl\u00e4chenbehandlung: Die Oberfl\u00e4che soll der Hand beim Ber\u00fchren schmeicheln, darum meide ich Lacke es sei denn, die Lacke erf\u00fcllen die europ\u00e4ische Norm DIN EN 71-3 (mit solchen Lacken werden die Oberfl\u00e4chen von Kinderspielzeugen behandelt). Vorwiegend verwende ich \u00d6le und Wachse.<\/p>\n\n\n\n<p>Holz ist immer ein \u201elebender\u201c Werkstoff und kann sich auch nach der Fertigstellung in der Farbe und geringf\u00fcgig auch in der Form (speziell bei grossen Teilen) \u00e4ndern, dies ist jedoch kein Mangel sondern teilweise sogar beabsichtigt. Es ist jedoch darauf zu achten, dass direkte Sonneneinstrahlung die Farb- und Form\u00e4nderung beschleunigen kann.<\/p>\n\n\n\n<p>Herzlichen Dank und freundliche Gr\u00fcsse<br>Peter Robellaz<\/p>\n<\/div><\/div>\n\n\n\n<div class=\"wp-block-group\"><div class=\"wp-block-group__inner-container is-layout-flow wp-block-group-is-layout-flow\">\n<div style=\"height:20px\" aria-hidden=\"true\" class=\"wp-block-spacer\"><\/div>\n<\/div><\/div>\n<\/div><\/div>\n","protected":false},"excerpt":{"rendered":"","protected":false},"author":1,"featured_media":0,"parent":0,"menu_order":0,"comment_status":"closed","ping_status":"closed","template":"","meta":{"neve_meta_sidebar":"","neve_meta_container":"","neve_meta_enable_content_width":"on","neve_meta_content_width":100,"neve_meta_title_alignment":"","neve_meta_author_avatar":"","neve_post_elements_order":"","neve_meta_disable_header":"","neve_meta_disable_footer":"","neve_meta_disable_title":"on","footnotes":""},"class_list":["post-8","page","type-page","status-publish","hentry"],"yoast_head":"<!-- This site is optimized with the Yoast SEO plugin v22.2 - https:\/\/yoast.com\/wordpress\/plugins\/seo\/ -->\n<title>About - holzART creativ<\/title>\n<meta name=\"robots\" content=\"index, follow, max-snippet:-1, max-image-preview:large, max-video-preview:-1\" \/>\n<link rel=\"canonical\" href=\"https:\/\/holzartcreativ.ch\/index.php\/ueber\/\" \/>\n<meta property=\"og:locale\" content=\"de_DE\" \/>\n<meta property=\"og:type\" content=\"article\" \/>\n<meta property=\"og:title\" content=\"About - holzART creativ\" \/>\n<meta property=\"og:url\" content=\"https:\/\/holzartcreativ.ch\/index.php\/ueber\/\" \/>\n<meta property=\"og:site_name\" content=\"holzART creativ\" \/>\n<meta property=\"article:modified_time\" content=\"2025-04-30T09:37:18+00:00\" \/>\n<meta property=\"og:image\" content=\"https:\/\/holzartcreativ.ch\/wp-content\/uploads\/2023\/04\/AboutMe-scaled-e1682428723689-683x1024.jpg\" \/>\n<meta name=\"twitter:card\" content=\"summary_large_image\" \/>\n<meta name=\"twitter:label1\" content=\"Gesch\u00e4tzte Lesezeit\" \/>\n\t<meta name=\"twitter:data1\" content=\"2\u00a0Minuten\" \/>\n<script type=\"application\/ld+json\" class=\"yoast-schema-graph\">{\"@context\":\"https:\/\/schema.org\",\"@graph\":[{\"@type\":\"WebPage\",\"@id\":\"https:\/\/holzartcreativ.ch\/index.php\/ueber\/\",\"url\":\"https:\/\/holzartcreativ.ch\/index.php\/ueber\/\",\"name\":\"About - holzART creativ\",\"isPartOf\":{\"@id\":\"https:\/\/holzartcreativ.ch\/#website\"},\"primaryImageOfPage\":{\"@id\":\"https:\/\/holzartcreativ.ch\/index.php\/ueber\/#primaryimage\"},\"image\":{\"@id\":\"https:\/\/holzartcreativ.ch\/index.php\/ueber\/#primaryimage\"},\"thumbnailUrl\":\"https:\/\/holzartcreativ.ch\/wp-content\/uploads\/2023\/04\/AboutMe-scaled-e1682428723689-683x1024.jpg\",\"datePublished\":\"2023-04-25T11:27:47+00:00\",\"dateModified\":\"2025-04-30T09:37:18+00:00\",\"breadcrumb\":{\"@id\":\"https:\/\/holzartcreativ.ch\/index.php\/ueber\/#breadcrumb\"},\"inLanguage\":\"de\",\"potentialAction\":[{\"@type\":\"ReadAction\",\"target\":[\"https:\/\/holzartcreativ.ch\/index.php\/ueber\/\"]}]},{\"@type\":\"ImageObject\",\"inLanguage\":\"de\",\"@id\":\"https:\/\/holzartcreativ.ch\/index.php\/ueber\/#primaryimage\",\"url\":\"https:\/\/holzartcreativ.ch\/wp-content\/uploads\/2023\/04\/AboutMe-scaled-e1682428723689.jpg\",\"contentUrl\":\"https:\/\/holzartcreativ.ch\/wp-content\/uploads\/2023\/04\/AboutMe-scaled-e1682428723689.jpg\",\"width\":750,\"height\":1125},{\"@type\":\"BreadcrumbList\",\"@id\":\"https:\/\/holzartcreativ.ch\/index.php\/ueber\/#breadcrumb\",\"itemListElement\":[{\"@type\":\"ListItem\",\"position\":1,\"name\":\"Startseite\",\"item\":\"https:\/\/holzartcreativ.ch\/\"},{\"@type\":\"ListItem\",\"position\":2,\"name\":\"About\"}]},{\"@type\":\"WebSite\",\"@id\":\"https:\/\/holzartcreativ.ch\/#website\",\"url\":\"https:\/\/holzartcreativ.ch\/\",\"name\":\"holzART creativ\",\"description\":\"Wir sehen das Sch\u00f6ne im Holz\",\"publisher\":{\"@id\":\"https:\/\/holzartcreativ.ch\/#organization\"},\"potentialAction\":[{\"@type\":\"SearchAction\",\"target\":{\"@type\":\"EntryPoint\",\"urlTemplate\":\"https:\/\/holzartcreativ.ch\/?s={search_term_string}\"},\"query-input\":\"required name=search_term_string\"}],\"inLanguage\":\"de\"},{\"@type\":\"Organization\",\"@id\":\"https:\/\/holzartcreativ.ch\/#organization\",\"name\":\"holzART creativ\",\"url\":\"https:\/\/holzartcreativ.ch\/\",\"logo\":{\"@type\":\"ImageObject\",\"inLanguage\":\"de\",\"@id\":\"https:\/\/holzartcreativ.ch\/#\/schema\/logo\/image\/\",\"url\":\"\",\"contentUrl\":\"\",\"caption\":\"holzART creativ\"},\"image\":{\"@id\":\"https:\/\/holzartcreativ.ch\/#\/schema\/logo\/image\/\"}}]}<\/script>\n<!-- \/ Yoast SEO plugin. -->","yoast_head_json":{"title":"About - holzART creativ","robots":{"index":"index","follow":"follow","max-snippet":"max-snippet:-1","max-image-preview":"max-image-preview:large","max-video-preview":"max-video-preview:-1"},"canonical":"https:\/\/holzartcreativ.ch\/index.php\/ueber\/","og_locale":"de_DE","og_type":"article","og_title":"About - holzART creativ","og_url":"https:\/\/holzartcreativ.ch\/index.php\/ueber\/","og_site_name":"holzART creativ","article_modified_time":"2025-04-30T09:37:18+00:00","og_image":[{"url":"https:\/\/holzartcreativ.ch\/wp-content\/uploads\/2023\/04\/AboutMe-scaled-e1682428723689-683x1024.jpg"}],"twitter_card":"summary_large_image","twitter_misc":{"Gesch\u00e4tzte Lesezeit":"2\u00a0Minuten"},"schema":{"@context":"https:\/\/schema.org","@graph":[{"@type":"WebPage","@id":"https:\/\/holzartcreativ.ch\/index.php\/ueber\/","url":"https:\/\/holzartcreativ.ch\/index.php\/ueber\/","name":"About - holzART creativ","isPartOf":{"@id":"https:\/\/holzartcreativ.ch\/#website"},"primaryImageOfPage":{"@id":"https:\/\/holzartcreativ.ch\/index.php\/ueber\/#primaryimage"},"image":{"@id":"https:\/\/holzartcreativ.ch\/index.php\/ueber\/#primaryimage"},"thumbnailUrl":"https:\/\/holzartcreativ.ch\/wp-content\/uploads\/2023\/04\/AboutMe-scaled-e1682428723689-683x1024.jpg","datePublished":"2023-04-25T11:27:47+00:00","dateModified":"2025-04-30T09:37:18+00:00","breadcrumb":{"@id":"https:\/\/holzartcreativ.ch\/index.php\/ueber\/#breadcrumb"},"inLanguage":"de","potentialAction":[{"@type":"ReadAction","target":["https:\/\/holzartcreativ.ch\/index.php\/ueber\/"]}]},{"@type":"ImageObject","inLanguage":"de","@id":"https:\/\/holzartcreativ.ch\/index.php\/ueber\/#primaryimage","url":"https:\/\/holzartcreativ.ch\/wp-content\/uploads\/2023\/04\/AboutMe-scaled-e1682428723689.jpg","contentUrl":"https:\/\/holzartcreativ.ch\/wp-content\/uploads\/2023\/04\/AboutMe-scaled-e1682428723689.jpg","width":750,"height":1125},{"@type":"BreadcrumbList","@id":"https:\/\/holzartcreativ.ch\/index.php\/ueber\/#breadcrumb","itemListElement":[{"@type":"ListItem","position":1,"name":"Startseite","item":"https:\/\/holzartcreativ.ch\/"},{"@type":"ListItem","position":2,"name":"About"}]},{"@type":"WebSite","@id":"https:\/\/holzartcreativ.ch\/#website","url":"https:\/\/holzartcreativ.ch\/","name":"holzART creativ","description":"Wir sehen das Sch\u00f6ne im Holz","publisher":{"@id":"https:\/\/holzartcreativ.ch\/#organization"},"potentialAction":[{"@type":"SearchAction","target":{"@type":"EntryPoint","urlTemplate":"https:\/\/holzartcreativ.ch\/?s={search_term_string}"},"query-input":"required name=search_term_string"}],"inLanguage":"de"},{"@type":"Organization","@id":"https:\/\/holzartcreativ.ch\/#organization","name":"holzART creativ","url":"https:\/\/holzartcreativ.ch\/","logo":{"@type":"ImageObject","inLanguage":"de","@id":"https:\/\/holzartcreativ.ch\/#\/schema\/logo\/image\/","url":"","contentUrl":"","caption":"holzART creativ"},"image":{"@id":"https:\/\/holzartcreativ.ch\/#\/schema\/logo\/image\/"}}]}},"jetpack_sharing_enabled":true,"_links":{"self":[{"href":"https:\/\/holzartcreativ.ch\/index.php\/wp-json\/wp\/v2\/pages\/8","targetHints":{"allow":["GET"]}}],"collection":[{"href":"https:\/\/holzartcreativ.ch\/index.php\/wp-json\/wp\/v2\/pages"}],"about":[{"href":"https:\/\/holzartcreativ.ch\/index.php\/wp-json\/wp\/v2\/types\/page"}],"author":[{"embeddable":true,"href":"https:\/\/holzartcreativ.ch\/index.php\/wp-json\/wp\/v2\/users\/1"}],"replies":[{"embeddable":true,"href":"https:\/\/holzartcreativ.ch\/index.php\/wp-json\/wp\/v2\/comments?post=8"}],"version-history":[{"count":5,"href":"https:\/\/holzartcreativ.ch\/index.php\/wp-json\/wp\/v2\/pages\/8\/revisions"}],"predecessor-version":[{"id":133,"href":"https:\/\/holzartcreativ.ch\/index.php\/wp-json\/wp\/v2\/pages\/8\/revisions\/133"}],"wp:attachment":[{"href":"https:\/\/holzartcreativ.ch\/index.php\/wp-json\/wp\/v2\/media?parent=8"}],"curies":[{"name":"wp","href":"https:\/\/api.w.org\/{rel}","templated":true}]}}

<div class="wp-block-cover alignfull" style="min-height:300px;aspect-ratio:unset;"><span aria-hidden="true" class="wp-block-cover__background has-nv-site-bg-background-color has-background-dim-100 has-background-dim"></span><div class="wp-block-cover__inner-container is-layout-flow wp-block-cover-is-layout-flow">
<div class="wp-block-group"><div class="wp-block-group__inner-container is-layout-flow wp-block-group-is-layout-flow">
<h1 class="wp-block-heading has-text-align-left has-neve-text-color-color has-text-color">Über mich</h1>
</div></div>
</div></div>



<div class="wp-block-cover alignfull" style="min-height:600px;aspect-ratio:unset;"><span aria-hidden="true" class="wp-block-cover__background has-nv-light-bg-background-color has-background-dim-100 has-background-dim"></span><div class="wp-block-cover__inner-container is-layout-flow wp-block-cover-is-layout-flow">
<div class="wp-block-group"><div class="wp-block-group__inner-container is-layout-flow wp-block-group-is-layout-flow">
<div style="height:80px" aria-hidden="true" class="wp-block-spacer"></div>



<div class="wp-block-columns are-vertically-aligned-center is-layout-flex wp-container-core-columns-is-layout-9d6595d7 wp-block-columns-is-layout-flex">
<div class="wp-block-column is-vertically-aligned-center is-layout-flow wp-block-column-is-layout-flow" style="flex-basis:50%">
<figure class="wp-block-image size-large"><img loading="lazy" decoding="async" width="683" height="1024" src="https://holzartcreativ.ch/wp-content/uploads/2023/04/AboutMe-scaled-e1682428723689-683x1024.jpg" alt="" class="wp-image-108" srcset="https://holzartcreativ.ch/wp-content/uploads/2023/04/AboutMe-scaled-e1682428723689-683x1024.jpg 683w, https://holzartcreativ.ch/wp-content/uploads/2023/04/AboutMe-scaled-e1682428723689-200x300.jpg 200w, https://holzartcreativ.ch/wp-content/uploads/2023/04/AboutMe-scaled-e1682428723689.jpg 750w" sizes="auto, (max-width: 683px) 100vw, 683px" /></figure>
</div>



<div class="wp-block-column is-vertically-aligned-center is-layout-flow wp-block-column-is-layout-flow" style="flex-basis:50%">
<h2 class="wp-block-heading has-neve-text-color-color has-text-color">Holzprodukte von Herzen</h2>



<p class="has-neve-text-color-color has-text-color has-medium-font-size"><strong>Herzlich Willkommen liebe Leser- und Besucher/innen</strong></p>



<p class="has-neve-text-color-color has-text-color">Erlauben Sie mir in den folgenden Zeilen mein Hobby „Drechseln“ etwas näher vorzustellen.</p>
</div>
</div>



<div style="height:40px" aria-hidden="true" class="wp-block-spacer"></div>
</div></div>
</div></div>



<div class="wp-block-cover alignfull" style="min-height:600px;aspect-ratio:unset;"><span aria-hidden="true" class="wp-block-cover__background has-nv-dark-bg-background-color has-background-dim-100 has-background-dim"></span><div class="wp-block-cover__inner-container is-layout-flow wp-block-cover-is-layout-flow">
<div class="wp-block-group"><div class="wp-block-group__inner-container is-layout-flow wp-block-group-is-layout-flow">
<p>Drechseln ist Spannung und Entspannung zugleich: Spannung, welche Form und Beschaffenheit sich in einem rohen Stück Holz verbirgt und Entspannung, wenn ich es geschafft habe, diese Form aus dem Holz herauszuarbeiten und ihm damit ein Stück unverwechselbare Schönheit zu geben.</p>



<p>Beinahe alles, was man aus Holz drechseln kann &#8211; von Schalen über verschiedene Formen von Leuchtern, liebevollen Schmuck bis zu Schreibgeräten &#8211; habe ich in meinem Repertoire. Bei der Holzverarbeitung bevorzuge ich vorwiegend einheimische Laub- und Nadelhölzer. Selbstverständlich bearbeite ich auch Olivenholz aus Spanien, welches durch seine spezielle Struktur sehr beliebt ist.</p>



<p>Meine Gegenstände werden in reiner Handarbeit hergestellt und sind deswegen absolute Unikate. Sehr grossen Wert lege ich besonders bei der Oberflächenbehandlung: Die Oberfläche soll der Hand beim Berühren schmeicheln, darum meide ich Lacke es sei denn, die Lacke erfüllen die europäische Norm DIN EN 71-3 (mit solchen Lacken werden die Oberflächen von Kinderspielzeugen behandelt). Vorwiegend verwende ich Öle und Wachse.</p>



<p>Holz ist immer ein „lebender“ Werkstoff und kann sich auch nach der Fertigstellung in der Farbe und geringfügig auch in der Form (speziell bei grossen Teilen) ändern, dies ist jedoch kein Mangel sondern teilweise sogar beabsichtigt. Es ist jedoch darauf zu achten, dass direkte Sonneneinstrahlung die Farb- und Formänderung beschleunigen kann.</p>



<p>Herzlichen Dank und freundliche Grüsse<br>Peter Robellaz</p>
</div></div>



<div class="wp-block-group"><div class="wp-block-group__inner-container is-layout-flow wp-block-group-is-layout-flow">
<div style="height:20px" aria-hidden="true" class="wp-block-spacer"></div>
</div></div>
</div></div>

<!-- This site is optimized with the Yoast SEO plugin v22.2 - https://yoast.com/wordpress/plugins/seo/ -->
<title>About - holzART creativ</title>
<meta name="robots" content="index, follow, max-snippet:-1, max-image-preview:large, max-video-preview:-1" />
<link rel="canonical" href="https://holzartcreativ.ch/index.php/ueber/" />
<meta property="og:locale" content="de_DE" />
<meta property="og:type" content="article" />
<meta property="og:title" content="About - holzART creativ" />
<meta property="og:url" content="https://holzartcreativ.ch/index.php/ueber/" />
<meta property="og:site_name" content="holzART creativ" />
<meta property="article:modified_time" content="2025-04-30T09:37:18+00:00" />
<meta property="og:image" content="https://holzartcreativ.ch/wp-content/uploads/2023/04/AboutMe-scaled-e1682428723689-683x1024.jpg" />
<meta name="twitter:card" content="summary_large_image" />
<meta name="twitter:label1" content="Geschätzte Lesezeit" />
	<meta name="twitter:data1" content="2 Minuten" />
<script type="application/ld+json" class="yoast-schema-graph">{"@context":"https://schema.org","@graph":[{"@type":"WebPage","@id":"https://holzartcreativ.ch/index.php/ueber/","url":"https://holzartcreativ.ch/index.php/ueber/","name":"About - holzART creativ","isPartOf":{"@id":"https://holzartcreativ.ch/#website"},"primaryImageOfPage":{"@id":"https://holzartcreativ.ch/index.php/ueber/#primaryimage"},"image":{"@id":"https://holzartcreativ.ch/index.php/ueber/#primaryimage"},"thumbnailUrl":"https://holzartcreativ.ch/wp-content/uploads/2023/04/AboutMe-scaled-e1682428723689-683x1024.jpg","datePublished":"2023-04-25T11:27:47+00:00","dateModified":"2025-04-30T09:37:18+00:00","breadcrumb":{"@id":"https://holzartcreativ.ch/index.php/ueber/#breadcrumb"},"inLanguage":"de","potentialAction":[{"@type":"ReadAction","target":["https://holzartcreativ.ch/index.php/ueber/"]}]},{"@type":"ImageObject","inLanguage":"de","@id":"https://holzartcreativ.ch/index.php/ueber/#primaryimage","url":"https://holzartcreativ.ch/wp-content/uploads/2023/04/AboutMe-scaled-e1682428723689.jpg","contentUrl":"https://holzartcreativ.ch/wp-content/uploads/2023/04/AboutMe-scaled-e1682428723689.jpg","width":750,"height":1125},{"@type":"BreadcrumbList","@id":"https://holzartcreativ.ch/index.php/ueber/#breadcrumb","itemListElement":[{"@type":"ListItem","position":1,"name":"Startseite","item":"https://holzartcreativ.ch/"},{"@type":"ListItem","position":2,"name":"About"}]},{"@type":"WebSite","@id":"https://holzartcreativ.ch/#website","url":"https://holzartcreativ.ch/","name":"holzART creativ","description":"Wir sehen das Schöne im Holz","publisher":{"@id":"https://holzartcreativ.ch/#organization"},"potentialAction":[{"@type":"SearchAction","target":{"@type":"EntryPoint","urlTemplate":"https://holzartcreativ.ch/?s={search_term_string}"},"query-input":"required name=search_term_string"}],"inLanguage":"de"},{"@type":"Organization","@id":"https://holzartcreativ.ch/#organization","name":"holzART creativ","url":"https://holzartcreativ.ch/","logo":{"@type":"ImageObject","inLanguage":"de","@id":"https://holzartcreativ.ch/#/schema/logo/image/","url":"","contentUrl":"","caption":"holzART creativ"},"image":{"@id":"https://holzartcreativ.ch/#/schema/logo/image/"}}]}</script>
<!-- / Yoast SEO plugin. -->

Wir sehen das Schöne im Holz
