{"id":11,"date":"2023-04-25T11:27:48","date_gmt":"2023-04-25T11:27:48","guid":{"rendered":"https:\/\/holzartcreativ.ch\/?page_id=11"},"modified":"2023-05-23T12:45:30","modified_gmt":"2023-05-23T12:45:30","slug":"gravuren","status":"publish","type":"page","link":"https:\/\/holzartcreativ.ch\/index.php\/gravuren\/","title":{"rendered":"Gravuren"},"content":{"rendered":"\n<div class=\"wp-block-cover alignfull\" style=\"min-height:216px;aspect-ratio:unset;\"><span aria-hidden=\"true\" class=\"wp-block-cover__background has-nv-site-bg-background-color has-background-dim-100 has-background-dim\"><\/span><div class=\"wp-block-cover__inner-container is-layout-flow wp-block-cover-is-layout-flow\">\n<div class=\"wp-block-group\"><div class=\"wp-block-group__inner-container is-layout-flow wp-block-group-is-layout-flow\">\n<div class=\"wp-block-columns are-vertically-aligned-center is-layout-flex wp-container-core-columns-is-layout-9d6595d7 wp-block-columns-is-layout-flex\">\n<div class=\"wp-block-column is-vertically-aligned-center is-layout-flow wp-block-column-is-layout-flow\" style=\"flex-basis:70%\">\n<h1 class=\"wp-block-heading has-text-align-left has-neve-text-color-color has-text-color\">Gravuren<\/h1>\n<\/div>\n\n\n\n<div class=\"wp-block-column is-vertically-aligned-center is-layout-flow wp-block-column-is-layout-flow\" style=\"flex-basis:30%\"><\/div>\n<\/div>\n<\/div><\/div>\n<\/div><\/div>\n\n\n\n<div class=\"wp-block-cover alignfull\" style=\"min-height:370px;aspect-ratio:unset;\"><span aria-hidden=\"true\" class=\"wp-block-cover__background has-nv-light-bg-background-color has-background-dim-100 has-background-dim\"><\/span><div class=\"wp-block-cover__inner-container is-layout-flow wp-block-cover-is-layout-flow\">\n<div class=\"wp-block-group\"><div class=\"wp-block-group__inner-container is-layout-flow wp-block-group-is-layout-flow\">\n<h2 class=\"wp-block-heading\"><mark style=\"background-color:rgba(0, 0, 0, 0)\" class=\"has-inline-color has-nv-dark-bg-color\">Brenn Gravuren<\/mark><\/h2>\n\n\n\n<p><mark style=\"background-color:rgba(0, 0, 0, 0)\" class=\"has-inline-color has-nv-dark-bg-color\">Zum Brenngravieren eignen sich die vorwiegend hellen Laubh\u00f6lzer.<br>Wir stellen die Holz- bzw. Schneidebretter beinahe f\u00fcr alle W\u00fcnsche her. (Preise je nach Sujet ab Fr. 69.-)<\/mark><\/p>\n<\/div><\/div>\n<\/div><\/div>\n\n\n\n<div class=\"wp-block-cover alignfull\" style=\"min-height:464px;aspect-ratio:unset;\"><span aria-hidden=\"true\" class=\"wp-block-cover__background has-nv-site-bg-background-color has-background-dim-100 has-background-dim\"><\/span><div class=\"wp-block-cover__inner-container is-layout-flow wp-block-cover-is-layout-flow\">\n<div class=\"wp-block-group\"><div class=\"wp-block-group__inner-container is-layout-flow wp-block-group-is-layout-flow\">\n<div style=\"height:30px\" aria-hidden=\"true\" class=\"wp-block-spacer\"><\/div>\n\n\n\n<h2 class=\"wp-block-heading has-neve-text-color-color has-text-color\">Laser Gravuren<\/h2>\n\n\n\n<p><mark style=\"background-color:rgba(0, 0, 0, 0)\" class=\"has-inline-color has-nv-dark-bg-color\">Lasergravuren bzw. gravierte Schriften zeichnen sich sehr sch\u00f6n auf Holz und eignen sich optimal zur Holzbearbeitung, und Holzgravur, da hohe Verarbeitungsgeschwindigkeiten und saubere Kanten erzeugt werden. Zudem k\u00f6nnen sehr viele Holzarten mit dem Laser verarbeitet werden (dunkles Holz eignet sich nicht).<\/mark><\/p>\n\n\n\n<h3 class=\"wp-block-heading\"><mark style=\"background-color:rgba(0, 0, 0, 0)\" class=\"has-inline-color has-nv-dark-bg-color\">Wie funktioniert das Laserschneiden?<\/mark><\/h3>\n\n\n\n<p><mark style=\"background-color:rgba(0, 0, 0, 0)\" class=\"has-inline-color has-nv-dark-bg-color\">Beim Laserschneiden von Holz sind hohe Verarbeitungsgeschwindigkeiten und saubere Kanten besonders wichtig. Lange und m\u00fchsame Reinigungsprozesse entfallen, da bei der Laserbearbeitung von Holz keine Sp\u00e4ne entstehen.<\/mark><\/p>\n\n\n\n<h3 class=\"wp-block-heading\"><mark style=\"background-color:rgba(0, 0, 0, 0)\" class=\"has-inline-color has-nv-dark-bg-color\">Verbrennt das Holz beim Laserschneiden?<\/mark><\/h3>\n\n\n\n<p><mark style=\"background-color:rgba(0, 0, 0, 0)\" class=\"has-inline-color has-nv-dark-bg-color\">Der Laser verursacht im Schnittspalt des Materials einen Temperaturanstieg oberhalb der Sublimationstemperatur vom Holz. Das &#8222;schlagartig verdampfte&#8220; \u2013 sprich sublimierte \u2013 Holz ist als mit hoher Geschwindigkeit austretender Rauch sichtbar. Dieser Rauch transportiert auch die eingebrachte W\u00e4rme wieder weg vom Holz. Dadurch ist das Material nahe des Schnittspaltes thermisch nur relativ gering belastet. Exaktes Fokussieren sowie die Wahl der geeigneten Optik und Zuf\u00fchrung von Druckluft erm\u00f6glicht Schnitte in hoher Qualit\u00e4t. Die br\u00e4unlich verf\u00e4rbte Schnittkante kann in vielen F\u00e4llen gestalterisch eingesetzt werden, oder wird durch nachschleifen kaum sichtbar.<\/mark><\/p>\n\n\n\n<h3 class=\"wp-block-heading\"><mark style=\"background-color:rgba(0, 0, 0, 0)\" class=\"has-inline-color has-nv-dark-bg-color\">W\u00fcnschen Sie eine Gravur \u2013 Name, Widmung etc. &#8211; in irgendein Holzgegenstand?<\/mark><\/h3>\n\n\n\n<p><mark style=\"background-color:rgba(0, 0, 0, 0)\" class=\"has-inline-color has-nv-dark-bg-color\">Dank neusten Lasertechniken k\u00f6nnen wir Ihnen auch bei solchen Auftr\u00e4gen in bester Qualit\u00e4t weiter helfen.<\/mark><\/p>\n<\/div><\/div>\n<\/div><\/div>\n","protected":false},"excerpt":{"rendered":"","protected":false},"author":1,"featured_media":0,"parent":0,"menu_order":0,"comment_status":"closed","ping_status":"closed","template":"","meta":{"neve_meta_sidebar":"","neve_meta_container":"","neve_meta_enable_content_width":"on","neve_meta_content_width":100,"neve_meta_title_alignment":"","neve_meta_author_avatar":"","neve_post_elements_order":"","neve_meta_disable_header":"","neve_meta_disable_footer":"","neve_meta_disable_title":"on","footnotes":""},"class_list":["post-11","page","type-page","status-publish","hentry"],"yoast_head":"<!-- This site is optimized with the Yoast SEO plugin v22.2 - https:\/\/yoast.com\/wordpress\/plugins\/seo\/ -->\n<title>Gravuren - holzART creativ<\/title>\n<meta name=\"robots\" content=\"index, follow, max-snippet:-1, max-image-preview:large, max-video-preview:-1\" \/>\n<link rel=\"canonical\" href=\"https:\/\/holzartcreativ.ch\/index.php\/gravuren\/\" \/>\n<meta property=\"og:locale\" content=\"de_DE\" \/>\n<meta property=\"og:type\" content=\"article\" \/>\n<meta property=\"og:title\" content=\"Gravuren - holzART creativ\" \/>\n<meta property=\"og:url\" content=\"https:\/\/holzartcreativ.ch\/index.php\/gravuren\/\" \/>\n<meta property=\"og:site_name\" content=\"holzART creativ\" \/>\n<meta property=\"article:modified_time\" content=\"2023-05-23T12:45:30+00:00\" \/>\n<meta name=\"twitter:card\" content=\"summary_large_image\" \/>\n<meta name=\"twitter:label1\" content=\"Gesch\u00e4tzte Lesezeit\" \/>\n\t<meta name=\"twitter:data1\" content=\"2\u00a0Minuten\" \/>\n<script type=\"application\/ld+json\" class=\"yoast-schema-graph\">{\"@context\":\"https:\/\/schema.org\",\"@graph\":[{\"@type\":\"WebPage\",\"@id\":\"https:\/\/holzartcreativ.ch\/index.php\/gravuren\/\",\"url\":\"https:\/\/holzartcreativ.ch\/index.php\/gravuren\/\",\"name\":\"Gravuren - holzART creativ\",\"isPartOf\":{\"@id\":\"https:\/\/holzartcreativ.ch\/#website\"},\"datePublished\":\"2023-04-25T11:27:48+00:00\",\"dateModified\":\"2023-05-23T12:45:30+00:00\",\"breadcrumb\":{\"@id\":\"https:\/\/holzartcreativ.ch\/index.php\/gravuren\/#breadcrumb\"},\"inLanguage\":\"de\",\"potentialAction\":[{\"@type\":\"ReadAction\",\"target\":[\"https:\/\/holzartcreativ.ch\/index.php\/gravuren\/\"]}]},{\"@type\":\"BreadcrumbList\",\"@id\":\"https:\/\/holzartcreativ.ch\/index.php\/gravuren\/#breadcrumb\",\"itemListElement\":[{\"@type\":\"ListItem\",\"position\":1,\"name\":\"Startseite\",\"item\":\"https:\/\/holzartcreativ.ch\/\"},{\"@type\":\"ListItem\",\"position\":2,\"name\":\"Gravuren\"}]},{\"@type\":\"WebSite\",\"@id\":\"https:\/\/holzartcreativ.ch\/#website\",\"url\":\"https:\/\/holzartcreativ.ch\/\",\"name\":\"holzART creativ\",\"description\":\"Wir sehen das Sch\u00f6ne im Holz\",\"publisher\":{\"@id\":\"https:\/\/holzartcreativ.ch\/#organization\"},\"potentialAction\":[{\"@type\":\"SearchAction\",\"target\":{\"@type\":\"EntryPoint\",\"urlTemplate\":\"https:\/\/holzartcreativ.ch\/?s={search_term_string}\"},\"query-input\":\"required name=search_term_string\"}],\"inLanguage\":\"de\"},{\"@type\":\"Organization\",\"@id\":\"https:\/\/holzartcreativ.ch\/#organization\",\"name\":\"holzART creativ\",\"url\":\"https:\/\/holzartcreativ.ch\/\",\"logo\":{\"@type\":\"ImageObject\",\"inLanguage\":\"de\",\"@id\":\"https:\/\/holzartcreativ.ch\/#\/schema\/logo\/image\/\",\"url\":\"\",\"contentUrl\":\"\",\"caption\":\"holzART creativ\"},\"image\":{\"@id\":\"https:\/\/holzartcreativ.ch\/#\/schema\/logo\/image\/\"}}]}<\/script>\n<!-- \/ Yoast SEO plugin. -->","yoast_head_json":{"title":"Gravuren - holzART creativ","robots":{"index":"index","follow":"follow","max-snippet":"max-snippet:-1","max-image-preview":"max-image-preview:large","max-video-preview":"max-video-preview:-1"},"canonical":"https:\/\/holzartcreativ.ch\/index.php\/gravuren\/","og_locale":"de_DE","og_type":"article","og_title":"Gravuren - holzART creativ","og_url":"https:\/\/holzartcreativ.ch\/index.php\/gravuren\/","og_site_name":"holzART creativ","article_modified_time":"2023-05-23T12:45:30+00:00","twitter_card":"summary_large_image","twitter_misc":{"Gesch\u00e4tzte Lesezeit":"2\u00a0Minuten"},"schema":{"@context":"https:\/\/schema.org","@graph":[{"@type":"WebPage","@id":"https:\/\/holzartcreativ.ch\/index.php\/gravuren\/","url":"https:\/\/holzartcreativ.ch\/index.php\/gravuren\/","name":"Gravuren - holzART creativ","isPartOf":{"@id":"https:\/\/holzartcreativ.ch\/#website"},"datePublished":"2023-04-25T11:27:48+00:00","dateModified":"2023-05-23T12:45:30+00:00","breadcrumb":{"@id":"https:\/\/holzartcreativ.ch\/index.php\/gravuren\/#breadcrumb"},"inLanguage":"de","potentialAction":[{"@type":"ReadAction","target":["https:\/\/holzartcreativ.ch\/index.php\/gravuren\/"]}]},{"@type":"BreadcrumbList","@id":"https:\/\/holzartcreativ.ch\/index.php\/gravuren\/#breadcrumb","itemListElement":[{"@type":"ListItem","position":1,"name":"Startseite","item":"https:\/\/holzartcreativ.ch\/"},{"@type":"ListItem","position":2,"name":"Gravuren"}]},{"@type":"WebSite","@id":"https:\/\/holzartcreativ.ch\/#website","url":"https:\/\/holzartcreativ.ch\/","name":"holzART creativ","description":"Wir sehen das Sch\u00f6ne im Holz","publisher":{"@id":"https:\/\/holzartcreativ.ch\/#organization"},"potentialAction":[{"@type":"SearchAction","target":{"@type":"EntryPoint","urlTemplate":"https:\/\/holzartcreativ.ch\/?s={search_term_string}"},"query-input":"required name=search_term_string"}],"inLanguage":"de"},{"@type":"Organization","@id":"https:\/\/holzartcreativ.ch\/#organization","name":"holzART creativ","url":"https:\/\/holzartcreativ.ch\/","logo":{"@type":"ImageObject","inLanguage":"de","@id":"https:\/\/holzartcreativ.ch\/#\/schema\/logo\/image\/","url":"","contentUrl":"","caption":"holzART creativ"},"image":{"@id":"https:\/\/holzartcreativ.ch\/#\/schema\/logo\/image\/"}}]}},"jetpack_sharing_enabled":true,"_links":{"self":[{"href":"https:\/\/holzartcreativ.ch\/index.php\/wp-json\/wp\/v2\/pages\/11","targetHints":{"allow":["GET"]}}],"collection":[{"href":"https:\/\/holzartcreativ.ch\/index.php\/wp-json\/wp\/v2\/pages"}],"about":[{"href":"https:\/\/holzartcreativ.ch\/index.php\/wp-json\/wp\/v2\/types\/page"}],"author":[{"embeddable":true,"href":"https:\/\/holzartcreativ.ch\/index.php\/wp-json\/wp\/v2\/users\/1"}],"replies":[{"embeddable":true,"href":"https:\/\/holzartcreativ.ch\/index.php\/wp-json\/wp\/v2\/comments?post=11"}],"version-history":[{"count":7,"href":"https:\/\/holzartcreativ.ch\/index.php\/wp-json\/wp\/v2\/pages\/11\/revisions"}],"predecessor-version":[{"id":126,"href":"https:\/\/holzartcreativ.ch\/index.php\/wp-json\/wp\/v2\/pages\/11\/revisions\/126"}],"wp:attachment":[{"href":"https:\/\/holzartcreativ.ch\/index.php\/wp-json\/wp\/v2\/media?parent=11"}],"curies":[{"name":"wp","href":"https:\/\/api.w.org\/{rel}","templated":true}]}}

<div class="wp-block-cover alignfull" style="min-height:216px;aspect-ratio:unset;"><span aria-hidden="true" class="wp-block-cover__background has-nv-site-bg-background-color has-background-dim-100 has-background-dim"></span><div class="wp-block-cover__inner-container is-layout-flow wp-block-cover-is-layout-flow">
<div class="wp-block-group"><div class="wp-block-group__inner-container is-layout-flow wp-block-group-is-layout-flow">
<div class="wp-block-columns are-vertically-aligned-center is-layout-flex wp-container-core-columns-is-layout-9d6595d7 wp-block-columns-is-layout-flex">
<div class="wp-block-column is-vertically-aligned-center is-layout-flow wp-block-column-is-layout-flow" style="flex-basis:70%">
<h1 class="wp-block-heading has-text-align-left has-neve-text-color-color has-text-color">Gravuren</h1>
</div>



<div class="wp-block-column is-vertically-aligned-center is-layout-flow wp-block-column-is-layout-flow" style="flex-basis:30%"></div>
</div>
</div></div>
</div></div>



<div class="wp-block-cover alignfull" style="min-height:370px;aspect-ratio:unset;"><span aria-hidden="true" class="wp-block-cover__background has-nv-light-bg-background-color has-background-dim-100 has-background-dim"></span><div class="wp-block-cover__inner-container is-layout-flow wp-block-cover-is-layout-flow">
<div class="wp-block-group"><div class="wp-block-group__inner-container is-layout-flow wp-block-group-is-layout-flow">
<h2 class="wp-block-heading"><mark style="background-color:rgba(0, 0, 0, 0)" class="has-inline-color has-nv-dark-bg-color">Brenn Gravuren</mark></h2>



<p><mark style="background-color:rgba(0, 0, 0, 0)" class="has-inline-color has-nv-dark-bg-color">Zum Brenngravieren eignen sich die vorwiegend hellen Laubhölzer.<br>Wir stellen die Holz- bzw. Schneidebretter beinahe für alle Wünsche her. (Preise je nach Sujet ab Fr. 69.-)</mark></p>
</div></div>
</div></div>



<div class="wp-block-cover alignfull" style="min-height:464px;aspect-ratio:unset;"><span aria-hidden="true" class="wp-block-cover__background has-nv-site-bg-background-color has-background-dim-100 has-background-dim"></span><div class="wp-block-cover__inner-container is-layout-flow wp-block-cover-is-layout-flow">
<div class="wp-block-group"><div class="wp-block-group__inner-container is-layout-flow wp-block-group-is-layout-flow">
<div style="height:30px" aria-hidden="true" class="wp-block-spacer"></div>



<h2 class="wp-block-heading has-neve-text-color-color has-text-color">Laser Gravuren</h2>



<p><mark style="background-color:rgba(0, 0, 0, 0)" class="has-inline-color has-nv-dark-bg-color">Lasergravuren bzw. gravierte Schriften zeichnen sich sehr schön auf Holz und eignen sich optimal zur Holzbearbeitung, und Holzgravur, da hohe Verarbeitungsgeschwindigkeiten und saubere Kanten erzeugt werden. Zudem können sehr viele Holzarten mit dem Laser verarbeitet werden (dunkles Holz eignet sich nicht).</mark></p>



<h3 class="wp-block-heading"><mark style="background-color:rgba(0, 0, 0, 0)" class="has-inline-color has-nv-dark-bg-color">Wie funktioniert das Laserschneiden?</mark></h3>



<p><mark style="background-color:rgba(0, 0, 0, 0)" class="has-inline-color has-nv-dark-bg-color">Beim Laserschneiden von Holz sind hohe Verarbeitungsgeschwindigkeiten und saubere Kanten besonders wichtig. Lange und mühsame Reinigungsprozesse entfallen, da bei der Laserbearbeitung von Holz keine Späne entstehen.</mark></p>



<h3 class="wp-block-heading"><mark style="background-color:rgba(0, 0, 0, 0)" class="has-inline-color has-nv-dark-bg-color">Verbrennt das Holz beim Laserschneiden?</mark></h3>



<p><mark style="background-color:rgba(0, 0, 0, 0)" class="has-inline-color has-nv-dark-bg-color">Der Laser verursacht im Schnittspalt des Materials einen Temperaturanstieg oberhalb der Sublimationstemperatur vom Holz. Das &#8222;schlagartig verdampfte&#8220; – sprich sublimierte – Holz ist als mit hoher Geschwindigkeit austretender Rauch sichtbar. Dieser Rauch transportiert auch die eingebrachte Wärme wieder weg vom Holz. Dadurch ist das Material nahe des Schnittspaltes thermisch nur relativ gering belastet. Exaktes Fokussieren sowie die Wahl der geeigneten Optik und Zuführung von Druckluft ermöglicht Schnitte in hoher Qualität. Die bräunlich verfärbte Schnittkante kann in vielen Fällen gestalterisch eingesetzt werden, oder wird durch nachschleifen kaum sichtbar.</mark></p>



<h3 class="wp-block-heading"><mark style="background-color:rgba(0, 0, 0, 0)" class="has-inline-color has-nv-dark-bg-color">Wünschen Sie eine Gravur – Name, Widmung etc. &#8211; in irgendein Holzgegenstand?</mark></h3>



<p><mark style="background-color:rgba(0, 0, 0, 0)" class="has-inline-color has-nv-dark-bg-color">Dank neusten Lasertechniken können wir Ihnen auch bei solchen Aufträgen in bester Qualität weiter helfen.</mark></p>
</div></div>
</div></div>

<!-- This site is optimized with the Yoast SEO plugin v22.2 - https://yoast.com/wordpress/plugins/seo/ -->
<title>Gravuren - holzART creativ</title>
<meta name="robots" content="index, follow, max-snippet:-1, max-image-preview:large, max-video-preview:-1" />
<link rel="canonical" href="https://holzartcreativ.ch/index.php/gravuren/" />
<meta property="og:locale" content="de_DE" />
<meta property="og:type" content="article" />
<meta property="og:title" content="Gravuren - holzART creativ" />
<meta property="og:url" content="https://holzartcreativ.ch/index.php/gravuren/" />
<meta property="og:site_name" content="holzART creativ" />
<meta property="article:modified_time" content="2023-05-23T12:45:30+00:00" />
<meta name="twitter:card" content="summary_large_image" />
<meta name="twitter:label1" content="Geschätzte Lesezeit" />
	<meta name="twitter:data1" content="2 Minuten" />
<script type="application/ld+json" class="yoast-schema-graph">{"@context":"https://schema.org","@graph":[{"@type":"WebPage","@id":"https://holzartcreativ.ch/index.php/gravuren/","url":"https://holzartcreativ.ch/index.php/gravuren/","name":"Gravuren - holzART creativ","isPartOf":{"@id":"https://holzartcreativ.ch/#website"},"datePublished":"2023-04-25T11:27:48+00:00","dateModified":"2023-05-23T12:45:30+00:00","breadcrumb":{"@id":"https://holzartcreativ.ch/index.php/gravuren/#breadcrumb"},"inLanguage":"de","potentialAction":[{"@type":"ReadAction","target":["https://holzartcreativ.ch/index.php/gravuren/"]}]},{"@type":"BreadcrumbList","@id":"https://holzartcreativ.ch/index.php/gravuren/#breadcrumb","itemListElement":[{"@type":"ListItem","position":1,"name":"Startseite","item":"https://holzartcreativ.ch/"},{"@type":"ListItem","position":2,"name":"Gravuren"}]},{"@type":"WebSite","@id":"https://holzartcreativ.ch/#website","url":"https://holzartcreativ.ch/","name":"holzART creativ","description":"Wir sehen das Schöne im Holz","publisher":{"@id":"https://holzartcreativ.ch/#organization"},"potentialAction":[{"@type":"SearchAction","target":{"@type":"EntryPoint","urlTemplate":"https://holzartcreativ.ch/?s={search_term_string}"},"query-input":"required name=search_term_string"}],"inLanguage":"de"},{"@type":"Organization","@id":"https://holzartcreativ.ch/#organization","name":"holzART creativ","url":"https://holzartcreativ.ch/","logo":{"@type":"ImageObject","inLanguage":"de","@id":"https://holzartcreativ.ch/#/schema/logo/image/","url":"","contentUrl":"","caption":"holzART creativ"},"image":{"@id":"https://holzartcreativ.ch/#/schema/logo/image/"}}]}</script>
<!-- / Yoast SEO plugin. -->

Wir sehen das Schöne im Holz
